2 - -138. Let t(v) = -v + 4. Let n be t(0). Let y be n*3*g/8. Determine f(y).
-4
Let c(w) be the first derivative of -w**3/3 + 3*w**2 + 2*w - 38. Calculate c(4).
10
Let s(u) = -2*u**3 + 8*u**2 - u + 4. Let w be s(4). Suppose -5*z + 42 - 7 = w. Let q(d) = d**2 - 4*d - 9. What is q(z)?
12
Let c(k) = 3*k - 15. Let a be c(5). Suppose 2*n - 5*s + 12 = a, n = -2*s - s + 16. Let i(q) = q**3 - 6*q**2 + 5*q + 1. Determine i(n).
-11
Let x(i) = 2*i**2 - 4*i + 3. Let j be x(2). Let b(z) be the first derivative of -z**3 + 3/2*z**2 - 2*z + 14 + 1/4*z**4. Calculate b(j).
7
Let s(x) be the second derivative of -x**3/2 - 7*x**2/2 + 81*x. Give s(-3).
2
Let b(r) = r**3 - r**2 - 2*r - 2. Let z(v) = -v**3 + v. Let x(j) = -b(j) - 2*z(j). What is x(0)?
2
Let u(h) = 2*h**2 - 1 + 31*h - 56*h + 27*h. Determine u(-3).
11
Let z(f) = 16*f**3 + 2*f - 2. Let s be z(1). Let l(j) = j**3 - 15*j**2 - 18*j + 23. Calculate l(s).
-9
Let d(g) = -6*g**2 - g - 1. Let k = -3 + 8. Let z be k/15 + 4/(-3). Determine d(z).
-6
Let b(p) be the first derivative of p**4/4 + p**3/3 + p**2/2 + p + 4. Let j(l) = 68*l + 136. Let v be j(-2). Give b(v).
1
Let m(h) = 23*h**2 + h. Let l(a) = -a - 10. Let f be l(-9). What is m(f)?
22
Let m(p) = -18*p + 112. Let h(o) = -11*o + 67. Let q(a) = 13*h(a) - 8*m(a). Calculate q(23).
-2
Let r(v) = -2*v - 14. Let b(i) = -3*i - 19. Let a(n) = -3*b(n) + 4*r(n). Suppose -3 = x + 3. Let l(q) = -7*q - 4. Let k(h) = x*a(h) - l(h). Calculate k(7).
5
Suppose 3*g - 111 = -0*g. Let n = 33 - g. Let x(r) = r**3 + 2*r**2 - 5*r - 1. Calculate x(n).
-13
Let a(k) be the second derivative of -k**5/20 - 5*k**4/12 - 2*k**3/3 + 2*k**2 + 3*k. Suppose 5 = -5*l + 3*m, 2*l + 0*m - 17 = 5*m. What is a(l)?
4
Let u(i) = i**3 + 9*i**2 + 2*i + 19. Let f be u(-9). Let m = f - 6. Let h(d) = -5*d**2 + 3 + 2*d**2 - 4*d + 2*d**2. Give h(m).
-2
Let r(w) = w**3 - 6*w**2 + 7*w + 9. Let k be r(4). Let y(s) be the first derivative of s**3/3 - 2*s**2 - 7*s - 4. What is y(k)?
-2
Let n = 60 - 59. Let t be 9 - 9 - (2 + n). Let a(r) = -4*r**2 - 4 - 5*r + 0*r**2 + 0*r**2 - r**3. Calculate a(t).
2
Let r(b) = b**3 + 7*b**2 + 3*b - 1. Let m = 399 - 404. Determine r(m).
34
Let y(q) be the second derivative of -q**5/20 - 7*q**4/12 - 3*q**3/2 - 3*q**2/2 + 38*q + 2. Determine y(-5).
-8
Let s(f) = -f**3 + 4*f**2 - 2*f + 2. Let h(c) = c**3 - 11*c**2 - 13*c + 16. Let p(q) = 11*q - 32. Let d be p(4). Let z be h(d). What is s(z)?
-6
Suppose -5*k + 3*j = -36, 3*j - 6*j = 3*k - 12. Let v(b) = -b + 2. What is v(k)?
-4
Let l(q) = -q**3 - 3*q**2 + 3*q - 1. Let s be (-1 - 0)/(8/184). Let x = -1 - s. Suppose 3*g - 3*k = -g - x, 0 = -g + 2*k - 8. Determine l(g).
3
Suppose -5*s - 5 = 0, -2 = 3*q - s + 12. Suppose -14 = -2*w - 2. Let n(f) = -3 - 1 + 8 + 8*f + f**3 + w*f**2. What is n(q)?
-11
Suppose -23 = 2*g - 27. Let y(b) = 7*b + 2. Calculate y(g).
16
Let o(h) = -h + 11. Let q be 4/(1 - 16/14). Let p = q - -22. Let v be (p/1)/(2/(-2)). Determine o(v).
5
Let v(i) = 8*i**3 + 2*i - 1. Let w be 7/(-4) - (-4)/(-16). Let f be (w + 0)*10/(-20). Determine v(f).
9
Let m be (-141)/(-94)*4/(-3). Let r(w) = -w**3 - w**2 - w. Let b(t) = 2*t**3 + 3*t + 2. Let u(j) = -b(j) - 4*r(j). Calculate u(m).
-4
Let u = 379 + -383. Let t(a) = -a + 0*a - 4 - 4. What is t(u)?
-4
Suppose 5*g = -4*h + 15, 0 = -4*h + 2*h. Let s(m) be the first derivative of g*m - 3 - 1/2*m**2. What is s(3)?
0
Let i(f) = -f + 2. Let y be i(4). Let d(l) = -l**3 - 3*l**2 - 6*l - 23. Let s(g) = -g**3 - 3*g**2 - 7*g - 28. Let v(b) = 6*d(b) - 5*s(b). What is v(y)?
0
Let v = 153 + -92. Let c be v/(-10) + 1/10. Let f(m) = -m**2 - 8*m + 3. What is f(c)?
15
Let w(i) = -4*i**2 - 7*i - 4. Let j(l) = 5*l**2 + 8*l + 5. Let f(u) = 5*j(u) + 6*w(u). What is f(3)?
4
Let g(j) = 4 - 62*j + 149*j - 84*j - j**2. Determine g(3).
4
Let m be 22*-1*6/12. Let d(k) be the third derivative of k**6/120 + k**5/5 + 11*k**4/24 - k**3/6 - 2*k**2. Determine d(m).
-1
Let o be ((-15)/(-6))/(3/6). Let x be (4/4)/(1/2). Let l(p) = 17 - x*p + 3*p - 12. Determine l(o).
10
Let l(p) = 2*p + 1. Let b be l(2). Let c(a) = 9 - a**2 + 2*a + 2*a**2 + a**2 - 3*a**2. Let z(u) = u**2 - 2*u - 10. Let w(r) = 4*c(r) + 3*z(r). Give w(b).
-9
Let h(v) = 7*v**3 - v**2 - 6*v - 5. Let s(g) = g**3 - g. Let n(t) = h(t) - 6*s(t). Determine n(0).
-5
Suppose 2*u - 47 = -m, 2*m = 3*m - 2*u - 47. Let q = 54 - m. Let o(n) be the first derivative of n**3/3 - 7*n**2/2 + 1. Determine o(q).
0
Let v(u) be the second derivative of u**5/20 + u**4/12 + 4*u**2 - 2*u - 49. Let b(f) = -f + 5. Let h be b(5). Determine v(h).
8
Let q(h) = 2*h + 28. Let t be q(-12). Let v(b) = -2*b + 5*b**2 + 4 + 6*b - t*b**2 + b. What is v(-3)?
-2
Let l(i) = i**3 - 6*i**2 + 2*i - 7. Let t = -154 - -262. Suppose t*x + 30 = 113*x. Determine l(x).
5
Let z(f) = f + 1. Let k(i) = i + 8. Let p be k(-6). Let b(j) = p*j + 1 + 1 + 8. Let s be b(-5). Give z(s).
1
Let c(l) = 3*l**3 - 5*l**2 - 8*l. Suppose -13*y + 15*y + 22 = 0. Let x(z) = 16*z**3 - 24*z**2 - 40*z. Let k(v) = y*c(v) + 2*x(v). Determine k(8).
0
Let a(v) = v**2 + 13. Suppose 0 = i - 4 - 3. Suppose -i*q = -3*q. Suppose s + q*s + 5 = 3*b, 0 = -5*s - 25. Give a(b).
13
Let i(s) = s**3 - 2*s**2 - 4*s - 1. Let d(w) = 3*w**2 + 5*w + 2. Let j(t) = -2*d(t) - 3*i(t). Let v(l) = 2*l + 3 - 1 - 3. Let q be v(1). Determine j(q).
-2
Let v(y) be the first derivative of -2 - 1/2*y**2 - 7*y. Let s(l) = l**3 - 2*l**2 + 4*l - 3. Let r be s(0). Calculate v(r).
-4
Let d(n) = -7*n**3 + n**2 + n. Suppose 5*u = 10*u + 5. Give d(u).
7
Let r = -2324 + 2328. Let m(g) be the third derivative of 1/2*g**3 + 0*g + 1/24*g**r + 4*g**2 + 0. What is m(-4)?
-1
Let l = -10 + -2. Let i = -10 - l. Let u(n) = 2*n - 3*n - 2*n + 2*n**i - 2 - 2*n. What is u(4)?
10
Suppose -2*r = -4*g + 14, -g + 5*r = -0*r + 19. Let y(j) = 4 + g*j - 5 + 0*j - 10*j. Give y(-3).
11
Let v(x) = x**2 - 3*x - 2. Suppose b - 17 = -5*c + 1, 5*b = c - 14. Calculate v(c).
2
Let k(o) = 2*o**2 + 3*o - 2. Suppose 5*w - 3 - 17 = 0. Let a = -2 + w. Suppose -b + a = 5*v, 2*b = 3*b - 5*v + 8. Calculate k(b).
7
Let w = -170 - -170. Let u(r) = -5 + 6 + 6 - r + 0*r. What is u(w)?
7
Let y(b) = -4*b**2 + 3436 + 3438 - 6880 + 4*b - b**3. Suppose 2*m + 7 = -3*c - 0*m, -3*m = -3*c - 27. What is y(c)?
-1
Let n(q) = 3*q - 13. Let u(y) = 3*y - 14. Let c(m) = -7*n(m) + 6*u(m). Let x = 59 + -57. Let d be ((-20)/(-5))/4 + 2*x. Determine c(d).
-8
Let j(c) = -c + 6. Let w = -118 + 123. Calculate j(w).
1
Let u be (5 - -2) + 0/(-3). Suppose 19 - 5 = u*p. Let s(z) = 3*z**2 - 3*z + 3. What is s(p)?
9
Let o be (4/3)/(10/(-15)). Let g be (o - -1)*(-8 + 7). Let u(l) = 2*l + 0*l + 0*l. Determine u(g).
2
Let y = 1245 - 1244. Let h(c) = 12*c - 5. What is h(y)?
7
Let v = -134 + 135. Let y be -1*5/5*(v - 1). Let i(r) = r**3 - r**2 + r + 2. Calculate i(y).
2
Let u(k) = -k**3 - 3*k**2 - 3*k - 3. Let s be -1*34 + 15/5. Let x = -5 - s. Suppose -m + 6 = -g - 0, -5*g - x = -4*m. What is u(g)?
-1
Let a(j) = -2*j - 5. Let t be a(0). Let m(q) = 3*q. Let g(d) = -8*d. Let h(v) = t*g(v) - 12*m(v). Suppose -4*r = 4*f - 4, -3*r = -3*f + 2*r + 3. Determine h(f).
4
Let n(y) = y**2 - 2*y - 2. Let m(l) = l**2 - 12*l + 49. Let z be m(6). Suppose 0 = -4*a + 7 - 47. Let o = z + a. Give n(o).
1
Let y(m) = -2*m + 0*m + 69 - 73 + 2*m**2. Calculate y(3).
8
Let y(q) = q**3 - 5*q**2 + 3*q - 2. Let m = -27 + -15. Let i be ((-21)/m)/((-1)/(-6)). Determine y(i).
-11
Let i(m) be the first derivative of -3 + m + 5/3*m**3 - m**2. Let c be -1 - ((3 - 1) + -4). What is i(c)?
4
Let u = 104 - 102. Let l(z) = -9 + u*z + 1 + 4. What is l(5)?
6
Suppose -15 = -v + 4*v. Let j be (1 - v) + 10 + -12. Let h(u) = 2 - 1 + u**3 + j*u**2 + 0 + 3. Calculate h(-4).
4
Let q(i) be the third derivative of 0 + 1/24*i**4 - 1/3*i**3 + 0*i - 4*i**2. Determine q(7).
5
Suppose 11 = 17*z - 57. Let v(i) = -2*i + 12. Calculate v(z).
4
Let p = 14 + -8. Let s = 19 - 17. Let c(t) = 3 - s*t - 2*t - 3*t + 6*t. Calculate c(p).
-3
Let s(l) = l**2. Let p(t) = 3*t**2 - t - 1. Suppose -2*u - 5 = 3*u. Let k(z) = u*p(z) + 4*s(z). Calculate k(-2).
3
Let k(h) = h**3 - 8*h**2 + 5*h + 9. Let v(a) = 7*a**2 - 2*a - 7. Let d(l) = 8*l**2 - 3*l - 5. Let s(m) = 6*d(m) - 7*v(m). Let q be s(-6). Determine k(q).
-5
Let d(a) = 42*a**2 - 2. Let y(m) = 161 - 325 + 163 + 21*m**2. Let p(t) = 6*d(t) - 13*y(t)